et f = -29 + s. Suppose -2*t - f*t = -215. What is the tens digit of t?
4
Let b(u) = u**2 + 7*u + 9. Let c be b(-8). Suppose -3*v = -3*j - 84, -2*v + v + 2*j + 29 = 0. Let t = v - c. What is the tens digit of t?
1
Suppose 8*c - 18 - 6 = 0. Let z be (-384)/20*(-40)/c. What is the units digit of (-5)/(-2)*z/80?
8
Let d(f) = -65*f - 388. What is the hundreds digit of d(-19)?
8
Suppose 5*g + 4*b = 644 - 28, b - 604 = -5*g. Let q = g + 15. What is the units digit of q?
5
Let d = 4 - -2. Let t(a) = -a**3 + 5*a**2 + 10*a + 1. What is the units digit of t(d)?
5
Let z = 706 - 196. What is the units digit of z?
0
Let r = -619 + 976. What is the tens digit of r?
5
Let o = 1067 - 948. What is the tens digit of o?
1
Let r(x) = x**2 + x - 10. Let a be r(0). Let k = 13 + a. Suppose -k*v - 4*i = -8*v + 110, -5*v = -i - 95. What is the units digit of v?
8
Let r = -1798 + 4019. What is the units digit of r?
1
Let d(g) = g - 4. Let j be d(4). Suppose j = -4*y - y + 90. What is the units digit of y?
8
Let g(c) = -c**2 + 9*c + 8. Let z(j) = j**3 - 12*j**2 - 12*j - 1. Let s be z(13). Let h be g(s). Let m = 39 + h. What is the tens digit of m?
1
Suppose 5*c + 0*c - 20 = 0. Let v(j) = -j**3 - 3 + 10 - 1 + 7*j**2. What is the units digit of v(c)?
4
Let o be 1*-1*(0 + -1). Suppose -4*m + 3*p = -61, -3*m + 5*p + 42 = -o. What is the units digit of 0 + 35 - (14 - m)?
7
What is the hundreds digit of ((-916)/(-8))/(14/56)?
4
Suppose 0*o + 2*y + 2 = 4*o, 5*y = -2*o - 5. Suppose -51 = 3*c - 4*c - z, -c + 5*z + 75 = o. What is the tens digit of c?
5
Suppose -p - 537 = -162. Let o = -230 - p. Let j = -103 + o. What is the tens digit of j?
4
Suppose -2*n = -h + 147, -7*h + n + 780 = -2*h. Suppose -5*x + 4*b + 246 = -13, 0 = -3*x + 4*b + h. What is the units digit of x?
1
Let t(o) = -5*o + 5. Suppose -3*g - 4*i - 31 = 0, 2*i = -4*g - 40 + 12. What is the tens digit of t(g)?
3
Suppose -6*j = -572 + 140. Let a = j - 39. Suppose 2*w - 3 = a. What is the tens digit of w?
1
What is the units digit of ((-4)/24*-3)/(2/524)?
1
Let a = -1509 - -2345. What is the tens digit of a?
3
Let f be -1 + 0 + -1 - 0. Let r(l) = -36*l - 3. Let t(w) = 53*w + 4. Let g(b) = 8*r(b) + 5*t(b). What is the tens digit of g(f)?
4
Suppose 6*b + 5 - 23 = 0. Suppose 0*a + 237 = b*a. What is the tens digit of a?
7
Let b = 2646 - 1356. What is the tens digit of b?
9
What is the units digit of 3 + 171*(-8)/(-2)?
7
Let z(v) = 164*v + 1047. What is the thousands digit of z(10)?
2
Let o(c) = c - 1. Let d be o(5). Suppose -b - d*b + 600 = 0. Suppose 0 = -5*x + b. What is the tens digit of x?
2
Suppose -7 = -j - 2*q, 4*j = q - 2*q + 21. Suppose j*z = -0*z, 5*c = z + 390. What is the tens digit of c?
7
Let z be ((-57)/(-12))/((-2)/(-8)). Let i = 11 - z. Let w(g) = -g**3 - 8*g**2 - 2*g + 1. What is the tens digit of w(i)?
1
Suppose -7*f + 6*f = -4*w + 1947, -3*w = 3*f - 1449. What is the hundreds digit of w?
4
Let b = -242 - -813. What is the hundreds digit of b?
5
Let c = -600 + 282. Let a = -145 - c. What is the hundreds digit of a?
1
What is the thousands digit of ((-42)/(-5))/((-432)/(-106560))?
2
Suppose -1028*k - 3542 = -1035*k. What is the hundreds digit of k?
5
Let s(f) = -105*f**3 + 2*f**2 - 3*f + 1. Let a be s(1). Let g = a - -150. What is the tens digit of g?
4
Let m = -22 + 18. What is the units digit of m/((-33)/9 + 3)?
6
Suppose -z - g + 3*g + 95 = 0, g + 1 = 0. Let v = z + -191. Let p = v + 161. What is the tens digit of p?
6
Let c(y) = y**3 + 4*y**2 + 2*y - 3. Let m be c(-3). Suppose -6*h + 9 = -4*h + 3*w, m = h - 2*w - 8. What is the units digit of h?
6
Let s = 2498 - 509. What is the hundreds digit of s?
9
Let d be (0*(-1)/(-3))/(-1). Suppose 5*t + 4*v + 44 = 251, d = t - 3*v - 30. Suppose 0 = o - t + 4. What is the units digit of o?
5
Let z = -317 + 484. What is the tens digit of z?
6
Let q(y) = -y**2 - 15*y + 29. What is the units digit of q(0)?
9
Suppose -5*o + 1438 = -u, u + 574 = -o + 3*o. What is the tens digit of o?
8
Suppose -x = 2*q - 1119, 2*x - 2*q - 2220 = -0*q. Suppose -2*c + 5*n = 468, 5*n = -5*c - x - 127. What is the tens digit of 6/(-9) - c/6?
4
Let s(a) = -3*a**2 + 43*a - 26. Let c be s(14). Let w = -7 - -3. Let q = w - c. What is the units digit of q?
8
What is the hundreds digit of (-7)/(-14)*1894 + (-5 - -8)?
9
Let g(h) = h**2 + 6*h + 7. Let x be g(-5). Suppose -d - x*d = 12. Let m(s) = -5*s + 2. What is the tens digit of m(d)?
2
Let r(c) = 5*c**2 - 19*c + 1. Suppose -5*x + x = 68. Let f(y) = 14*y**2 - 56*y + 2. Let t(z) = x*r(z) + 6*f(z). What is the tens digit of t(-10)?
2
Let o(i) = i**3 - i**2 + 9*i - 3. Let r be o(6). Suppose r = 3*n - 2*y - 475, -484 = -2*n + 4*y. What is the tens digit of n?
3
Suppose 6 + 0 = 3*j. Suppose 148 = -v + 2*v - 5*a, 0 = 3*v + j*a - 410. What is the units digit of (8/(-12))/((-4)/v)?
3
Let j(h) = -4*h**2 + 14*h + 5. Let w(t) = 5*t**2 - 15*t - 4. Let v(b) = 4*j(b) + 3*w(b). Let k be v(9). Let r = k + 0. What is the units digit of r?
6
Suppose 0 = x - 2 - 0, 5*x = -4*l + 78. Let t = 80 + l. What is the tens digit of t?
9
Let g be 2/(-10) - 6/(-5). Let h be (-5)/g*(-144)/(-90). Let z(u) = -4*u - 8. What is the units digit of z(h)?
4
Suppose 5*c + f = 2278, -2*f = 2*c - 462 - 454. What is the hundreds digit of c?
4
Let b = 1184 + 345. What is the units digit of b?
9
Suppose -7*h + 0*h = 266. Let j = h + 94. What is the units digit of j?
6
Let y = -3198 + 4520. What is the units digit of y?
2
Let q be (-116)/(-28) + 2/(-14). Suppose -59 = -q*c + 317. What is the units digit of c?
4
Let u(p) = -p**3 + p**2 - p + 1. Suppose 11*m = 6*m. Let b be u(m). Suppose -w - 77 = -2*a + b, -3*a - 4*w + 128 = 0. What is the units digit of a?
0
Suppose 5*j - 8*j - 48 = 0. Let y = j + 222. Let n = y + -143. What is the units digit of n?
3
Let i(l) = l**2 + 6*l + 10. Suppose -2*o + 5*o + h = 26, -3*o - 4*h = -23. Suppose 4*t = 2*s + 28, -3*t + o = -5*s - 26. What is the units digit of i(s)?
2
Let z(w) = -w**2 + 2. Let d be z(3). Let m = d - -10. Suppose 0 = 3*c, -q - m*q + 84 = 4*c. What is the units digit of q?
1
Let w = -5 + 10. Let v = w + -1. What is the units digit of (-1 + 6)*v/10?
2
Let q be ((-8)/24)/((-1)/18). Let u = -4 + q. Suppose 0 = -3*y + 3*a + 36, 41 = y + u*y - 2*a. What is the tens digit of y?
1
Suppose 508 = -6*j + 3460. What is the units digit of j?
2
Let g be 49*2*(-1 - 0). Let i = -3 - g. Suppose 2*u = -3*u + i. What is the units digit of u?
9
Let y(p) = 19*p**2 - 38*p + 4. What is the hundreds digit of y(8)?
9
Let s(v) = -4*v - 4. Let u be s(-2). Suppose 3*z - 784 = j, 0*z - 3*j - 1052 = -u*z. Suppose -z = -q - 3*q. What is the tens digit of q?
6
Suppose 2*d - 92 = -2*f + 4*f, 5*f = -5*d + 250. Let n be d + -3 + -1 + -1. Let j = n - 17. What is the tens digit of j?
2
Let n(g) = 4*g + 7. Let s be n(5). Let k be (-46)/(-8) - s/36. Suppose -2*l - 18 = -k*l. What is the units digit of l?
6
What is the thousands digit of ((-126)/49)/(21/(-12838))?
1
Suppose 3816 = 640*f - 632*f. What is the hundreds digit of f?
4
Suppose 0 = m - 0*p + 4*p + 13, 4*m + p = 8. Suppose m*s + 2*q - 10 = 0, 3*q + 2 = q. What is the units digit of s?
4
Let w(y) be the first derivative of -3/2*y**2 + y**3 - 4 + 1/4*y**4 + 5*y. What is the units digit of w(-4)?
1
Let b = -82 - -84. Suppose 0 = -5*m - 5*r + 1345, 6*m - b*m - r = 1066. What is the units digit of m?
7
Let y be -10*((-8)/2)/20. Suppose y*v = -0*v + 42. What is the tens digit of v?
2
Let u be 2/((-3)/((-18)/4 - 0)). Suppose -u*q + q = -88. What is the tens digit of q?
4
Let l = -67 - -168. What is the hundreds digit of l?
1
Suppose -3*h + 10265 = 12*g - 7*g, 3*h - 10253 = -2*g. What is the hundreds digit of h?
4
Let k = 20 - 6. Let q = k - -37. What is the tens digit of q?
5
Let c(t) = t**2 + 6*t - 7. Let h be c(-8). Let u(s) = 20 + 4*s - 18 + 0*s + s. What is the tens digit of u(h)?
4
Suppose -8*k + 5 - 5 = 0. Suppose k = -9*b + 229 + 257. What is the units digit of b?
4
Suppose -w = 4*w - 15. Let v = 1 + w. Suppose 2*t + 46 = v*t. What is the units digit of t?
3
Let f = 1020 + 339. What is the units digit of f?
9
Let s be 54*-2*21/12. Let q = 282 + s. Suppose -4*x + q = 13. What is the tens digit of x?
2
Suppose 0 = 2*r, -2528 = -7*p + 3*p + 4*r. What is the units digit of p?
2
Let x = -22 - 3. Let m = 31 + x. 